{"id":4504,"date":"2022-12-07T14:17:13","date_gmt":"2022-12-07T17:17:13","guid":{"rendered":"https:\/\/talenttour.com.br\/?page_id=4504"},"modified":"2022-12-19T12:47:07","modified_gmt":"2022-12-19T15:47:07","slug":"orlando-magic","status":"publish","type":"page","link":"https:\/\/talenttour.com.br\/index.php\/orlando-magic\/","title":{"rendered":"Orlando Magic"},"content":{"rendered":"\n<p>J\u00e1 imaginou dan\u00e7ar na abertura de um jogo de basquete oficial da NBA? Sua escola pode realizar este sonho no Amway Center, casa da equipe do Orlando Magic, onde competem as estrelas do basquete profissional.<\/p>\n\n\n\n<p>A Talent Tour possui uma s\u00f3lida parceria com a coordena\u00e7\u00e3o de eventos do Orlando Magic e \u00e9 pioneira em levar grupos de dan\u00e7a para apresenta\u00e7\u00f5es nessa famosa Arena de Orlando.<\/p>\n\n\n\n<p>*As apresenta\u00e7\u00f5es est\u00e3o sujeitas \u00e0 disponibilidade conforme a tabela de jogos a cada temporada e custo extra para esta programa\u00e7\u00e3o opcional.<\/p>\n\n\n\n<div class=\"wp-block-columns is-layout-flex wp-container-core-columns-is-layout-9d6595d7 wp-block-columns-is-layout-flex\">\n<div class=\"wp-block-column is-layout-flow wp-block-column-is-layout-flow\">\n<figure class=\"wp-block-embed is-type-video is-provider-youtube wp-block-embed-youtube wp-embed-aspect-16-9 wp-has-aspect-ratio\"><div class=\"wp-block-embed__wrapper\">\n<div class=\"video\"><iframe loading=\"lazy\" title=\"EST\u00daDIO DNA - BASTIDORES E JOGO NBA - ORLANDO MAGIC X MIAMI HEAT - 10\/04\/2022\" width=\"640\" height=\"360\" src=\"https:\/\/www.youtube.com\/embed\/fuCNaPC07UE?start=412&#038;feature=oembed\" frameborder=\"0\" allow=\"accelerometer; autoplay; clipboard-write; encrypted-media; gyroscope; picture-in-picture; web-share\" referrerpolicy=\"strict-origin-when-cross-origin\" allowfullscreen><\/iframe><\/div>\n<\/div><\/figure>\n<\/div>\n\n\n\n<div class=\"wp-block-column is-layout-flow wp-block-column-is-layout-flow\">\n<figure class=\"wp-block-embed is-type-video is-provider-youtube wp-block-embed-youtube wp-embed-aspect-16-9 wp-has-aspect-ratio\"><div class=\"wp-block-embed__wrapper\">\n<div class=\"video\"><iframe loading=\"lazy\" title=\"LILIAM GUMIEIRO - BASTIDORES E JOGO NBA - ORLANDO MAGIC X Memphis Grizzlies - 11\/10\/2022\" width=\"640\" height=\"360\" src=\"https:\/\/www.youtube.com\/embed\/rjJhvMQoidU?feature=oembed\" frameborder=\"0\" allow=\"accelerometer; autoplay; clipboard-write; encrypted-media; gyroscope; picture-in-picture; web-share\" referrerpolicy=\"strict-origin-when-cross-origin\" allowfullscreen><\/iframe><\/div>\n<\/div><\/figure>\n<\/div>\n<\/div>\n","protected":false},"excerpt":{"rendered":"<p>J\u00e1 imaginou dan\u00e7ar na abertura de um jogo de basquete oficial da NBA? Sua escola pode realizar este sonho no Amway Center, casa da equipe do Orlando Magic, onde competem as estrelas do basquete profissional. A Talent Tour possui uma s\u00f3lida parceria com a coordena\u00e7\u00e3o de eventos do Orlando Magic e \u00e9 pioneira em levar grupos de dan\u00e7a para apresenta\u00e7\u00f5es nessa famosa Arena de Orlando. *As apresenta\u00e7\u00f5es est\u00e3o sujeitas \u00e0 disponibilidade conforme a tabela de jogos a cada temporada e&hellip;<\/p>\n","protected":false},"author":1,"featured_media":0,"parent":0,"menu_order":0,"comment_status":"closed","ping_status":"closed","template":"","meta":{"footnotes":""},"class_list":["post-4504","page","type-page","status-publish","hentry"],"_links":{"self":[{"href":"https:\/\/talenttour.com.br\/index.php\/wp-json\/wp\/v2\/pages\/4504","targetHints":{"allow":["GET"]}}],"collection":[{"href":"https:\/\/talenttour.com.br\/index.php\/wp-json\/wp\/v2\/pages"}],"about":[{"href":"https:\/\/talenttour.com.br\/index.php\/wp-json\/wp\/v2\/types\/page"}],"author":[{"embeddable":true,"href":"https:\/\/talenttour.com.br\/index.php\/wp-json\/wp\/v2\/users\/1"}],"replies":[{"embeddable":true,"href":"https:\/\/talenttour.com.br\/index.php\/wp-json\/wp\/v2\/comments?post=4504"}],"version-history":[{"count":2,"href":"https:\/\/talenttour.com.br\/index.php\/wp-json\/wp\/v2\/pages\/4504\/revisions"}],"predecessor-version":[{"id":4507,"href":"https:\/\/talenttour.com.br\/index.php\/wp-json\/wp\/v2\/pages\/4504\/revisions\/4507"}],"wp:attachment":[{"href":"https:\/\/talenttour.com.br\/index.php\/wp-json\/wp\/v2\/media?parent=4504"}],"curies":[{"name":"wp","href":"https:\/\/api.w.org\/{rel}","templated":true}]}}