{"id":3444,"date":"2021-05-16T15:37:31","date_gmt":"2021-05-16T18:37:31","guid":{"rendered":"http:\/\/talenttour.com.br\/?page_id=3444"},"modified":"2022-12-22T14:35:44","modified_gmt":"2022-12-22T17:35:44","slug":"disney-imagination-campus-workshops","status":"publish","type":"page","link":"https:\/\/talenttour.com.br\/index.php\/disney-imagination-campus-workshops\/","title":{"rendered":"DISNEY IMAGINATION CAMPUS &#8211; PERFORMING ARTS WORKSHOPS"},"content":{"rendered":"\n<figure class=\"wp-block-gallery has-nested-images columns-default is-cropped wp-block-gallery-1 is-layout-flex wp-block-gallery-is-layout-flex\">\n<figure class=\"wp-block-image size-large\"><img loading=\"lazy\" decoding=\"async\" width=\"1024\" height=\"575\" data-id=\"3448\" src=\"https:\/\/talenttour.com.br\/wp-content\/uploads\/2021\/05\/work2-1024x575.jpg\" alt=\"\" class=\"wp-image-3448\" srcset=\"https:\/\/talenttour.com.br\/wp-content\/uploads\/2021\/05\/work2-1024x575.jpg 1024w, https:\/\/talenttour.com.br\/wp-content\/uploads\/2021\/05\/work2-300x168.jpg 300w, https:\/\/talenttour.com.br\/wp-content\/uploads\/2021\/05\/work2-768x431.jpg 768w, https:\/\/talenttour.com.br\/wp-content\/uploads\/2021\/05\/work2-1536x862.jpg 1536w, https:\/\/talenttour.com.br\/wp-content\/uploads\/2021\/05\/work2-2048x1149.jpg 2048w, https:\/\/talenttour.com.br\/wp-content\/uploads\/2021\/05\/work2-207x116.jpg 207w\" sizes=\"auto, (max-width: 1024px) 100vw, 1024px\" \/><\/figure>\n\n\n\n<figure class=\"wp-block-image size-large\"><img loading=\"lazy\" decoding=\"async\" width=\"1024\" height=\"568\" data-id=\"3446\" src=\"https:\/\/talenttour.com.br\/wp-content\/uploads\/2021\/05\/work1-1024x568.jpg\" alt=\"\" class=\"wp-image-3446\" srcset=\"https:\/\/talenttour.com.br\/wp-content\/uploads\/2021\/05\/work1-1024x568.jpg 1024w, https:\/\/talenttour.com.br\/wp-content\/uploads\/2021\/05\/work1-300x166.jpg 300w, https:\/\/talenttour.com.br\/wp-content\/uploads\/2021\/05\/work1-768x426.jpg 768w, https:\/\/talenttour.com.br\/wp-content\/uploads\/2021\/05\/work1-1536x852.jpg 1536w, https:\/\/talenttour.com.br\/wp-content\/uploads\/2021\/05\/work1-2048x1136.jpg 2048w, https:\/\/talenttour.com.br\/wp-content\/uploads\/2021\/05\/work1-209x116.jpg 209w\" sizes=\"auto, (max-width: 1024px) 100vw, 1024px\" \/><\/figure>\n\n\n\n<figure class=\"wp-block-image size-large\"><img loading=\"lazy\" decoding=\"async\" width=\"1024\" height=\"579\" data-id=\"3449\" src=\"https:\/\/talenttour.com.br\/wp-content\/uploads\/2021\/05\/work3-1024x579.jpg\" alt=\"\" class=\"wp-image-3449\" srcset=\"https:\/\/talenttour.com.br\/wp-content\/uploads\/2021\/05\/work3-1024x579.jpg 1024w, https:\/\/talenttour.com.br\/wp-content\/uploads\/2021\/05\/work3-300x170.jpg 300w, https:\/\/talenttour.com.br\/wp-content\/uploads\/2021\/05\/work3-768x434.jpg 768w, https:\/\/talenttour.com.br\/wp-content\/uploads\/2021\/05\/work3-1536x869.jpg 1536w, https:\/\/talenttour.com.br\/wp-content\/uploads\/2021\/05\/work3-2048x1158.jpg 2048w, https:\/\/talenttour.com.br\/wp-content\/uploads\/2021\/05\/work3-205x116.jpg 205w\" sizes=\"auto, (max-width: 1024px) 100vw, 1024px\" \/><\/figure>\n<\/figure>\n\n\n\n<h6 class=\"has-white-color has-text-color has-background has-medium-font-size wp-block-heading\" style=\"background-color:#03415b\">&nbsp;1)&nbsp;Disney Imagination Campus: Performing Arts | Workshops | Dance Disney<\/h6>\n\n\n\n<p>Coloque seus sapatos de dan\u00e7a e aprenda como \u00e9 e o que \u00e9 necess\u00e1rio para ser um artista dos Parques Disney neste workshop projetado especificamente para bailarinos.<\/p>\n\n\n\n<h2 class=\"wp-block-heading\"><strong>Vis\u00e3o geral<\/strong><\/h2>\n\n\n\n<p>Durante este workshop, profissionais da \u201cDisney Live Entertainment\u201d oferecem instru\u00e7\u00e3o personalizada, ensinando t\u00e9cnicas de coreografia, aperfei\u00e7oamento e encena\u00e7\u00e3o de um dos muitos shows realizados nos Parques Disney em todo o mundo.&nbsp;Por meio desse processo, os participantes aprender\u00e3o uma coreografia, bem como estrat\u00e9gias de performance que elevam o grupo a um n\u00edvel exclusivo Disney de contar hist\u00f3rias.&nbsp;Haver\u00e1 tamb\u00e9m a oportunidade inestim\u00e1vel de conversar com veteranos da ind\u00fastria do entretenimento sobre o processo de audi\u00e7\u00e3o, obter conselhos sobre carreira e muito mais.<\/p>\n\n\n\n<h2 class=\"wp-block-heading\"><strong>Oportunidades Chave de aprendizagem<\/strong><\/h2>\n\n\n\n<p>Ap\u00f3s concluir este workshop, os participantes conhecer\u00e3o:<\/p>\n\n\n\n<ul class=\"wp-block-list\">\n<li>T\u00e9cnicas para aprender uma coreografia rapidamente;<\/li>\n\n\n\n<li>A import\u00e2ncia da flexibilidade na mente e no corpo;<\/li>\n\n\n\n<li>Dicas para a integra\u00e7\u00e3o em um novo elenco;<\/li>\n\n\n\n<li>Como ser um bom membro de equipe que contribui para o sucesso do grupo;<\/li>\n\n\n\n<li>A import\u00e2ncia da prepara\u00e7\u00e3o para audi\u00e7\u00f5es;<\/li>\n\n\n\n<li>O papel do bailarino na produ\u00e7\u00e3o geral, incluindo o valor da colabora\u00e7\u00e3o para com core\u00f3grafos, diretores, produtores e suporte t\u00e9cnico.<\/li>\n<\/ul>\n\n\n\n<h2 class=\"wp-block-heading\"><strong>O Diferencial Disney<\/strong><\/h2>\n\n\n\n<p>Os espet\u00e1culos do \u201cDisney Performing Arts\u201d estabelecem o padr\u00e3o de qualidade pelo qual quaisquer outras apresenta\u00e7\u00f5es s\u00e3o medidas.&nbsp;Descubra o diferencial Disney:<\/p>\n\n\n\n<ul class=\"wp-block-list\">\n<li>Os alunos trabalhar\u00e3o diretamente com \u201cDisney Teaching Artists\u201d (Artistas Docentes da Disney), onde todos s\u00e3o profissionais da dan\u00e7a que atualmente trabalham na ind\u00fastria do entretenimento;<\/li>\n\n\n\n<li>Os bailarinos praticar\u00e3o coreografias de shows ic\u00f4nicos dos Parques Tem\u00e1ticos Disney dispon\u00edveis exclusivamente nesta experi\u00eancia;<\/li>\n\n\n\n<li>Os participantes ser\u00e3o tratados como membros do elenco profissional em um ambiente de produ\u00e7\u00e3o ao vivo;<\/li>\n\n\n\n<li>Os alunos ter\u00e3o a oportunidade de obter uma vis\u00e3o sobre as carreiras no mundo dos espet\u00e1culos por meio de conversa com seu artista docente;<\/li>\n\n\n\n<li>Seu grupo participar\u00e1 da magia de nossos parques com ingressos com pre\u00e7os especiais.<\/li>\n<\/ul>\n\n\n\n<h2 class=\"wp-block-heading\"><strong>Informa\u00e7\u00f5es adicionais<\/strong><\/h2>\n\n\n\n<ul class=\"wp-block-list\">\n<li>A coreografia pode ser ajustada para se adequar ao n\u00edvel de habilidade do seu grupo;<\/li>\n\n\n\n<li>Os participantes dever\u00e3o usar roupas e sapatos adequados para um ensaio de dan\u00e7a &#8211; sand\u00e1lias e p\u00e9s descal\u00e7os n\u00e3o s\u00e3o permitidos;<\/li>\n\n\n\n<li>Recomendado para bailarinos do ensino fundamental, m\u00e9dio e universit\u00e1rio com pelo menos 3 anos de experi\u00eancia em dan\u00e7a;<\/li>\n\n\n\n<li>O conte\u00fado pode ser adaptado para bailarinos a partir dos 7 anos de idade;<\/li>\n\n\n\n<li>M\u00ednimo de 20 bailarinos por grupo para participar desta experi\u00eancia.<\/li>\n<\/ul>\n\n\n\n<h6 class=\"has-white-color has-text-color has-background has-medium-font-size wp-block-heading\" style=\"background-color:#03415b\">2)&nbsp;Disney Imagination Campus: Performing Arts Workshops | Disney Broadway Magic<\/h6>\n\n\n\n<p>Experimente o brilho e o glamour do teatro musical neste workshop criado em parceria com o \u201cDisney Theatrical Group\u201d, \u201cDisney on Broadway\u201d e \u201cDisney Cruise Line\u201d.<\/p>\n\n\n\n<h2 class=\"wp-block-heading\"><strong>Vis\u00e3o Geral<\/strong><\/h2>\n\n\n\n<p>Conhe\u00e7a os fundamentos do teatro musical por dentro com profissionais da ind\u00fastria do entretenimento que guiar\u00e3o os alunos por ensaios \u00e1geis de uma cena de um dos shows mundialmente famosos da Disney.&nbsp;A experi\u00eancia culmina em uma apresenta\u00e7\u00e3o final espetacular.<\/p>\n\n\n\n<p>Ao longo deste workshop, os participantes tamb\u00e9m obter\u00e3o informa\u00e7\u00f5es valiosas sobre as t\u00e9cnicas de audi\u00e7\u00e3o, a import\u00e2ncia de cada papel e a supera\u00e7\u00e3o de obst\u00e1culos inesperados durante as apresenta\u00e7\u00f5es.<\/p>\n\n\n\n<h2 class=\"wp-block-heading\"><strong>Oportunidades Chave de Aprendizagem<\/strong><\/h2>\n\n\n\n<p>Ap\u00f3s concluir este workshop, os participantes ser\u00e3o capazes de:<\/p>\n\n\n\n<ul class=\"wp-block-list\">\n<li>Criar um espa\u00e7o de audi\u00e7\u00e3o inclusivo e seguro;<\/li>\n\n\n\n<li>Concentrar-se no controle da respira\u00e7\u00e3o e na dic\u00e7\u00e3o para contar melhor uma hist\u00f3ria;<\/li>\n\n\n\n<li>Aprender como a linguagem corporal, as express\u00f5es faciais e as qualidades vocais impactam um personagem;<\/li>\n\n\n\n<li>Compreender como as diversas fun\u00e7\u00f5es de produ\u00e7\u00e3o se unem para criar um produto bem elaborado;<\/li>\n\n\n\n<li>Descobrir as melhores escolhas de voz \/ atua\u00e7\u00e3o para uma composi\u00e7\u00e3o musical, letras e personagem.<\/li>\n<\/ul>\n\n\n\n<h2 class=\"wp-block-heading\"><strong>O Diferencial Disney<\/strong><\/h2>\n\n\n\n<p>Os workshops \u201cDisney Imagination Campus Performing Arts\u201d estabelecem o padr\u00e3o de qualidade pelo qual quaisquer outros workshops s\u00e3o medidos.&nbsp;Descubra o diferencial Disney:<\/p>\n\n\n\n<ul class=\"wp-block-list\">\n<li>Seus alunos trabalham diretamente com \u201cDisney Teaching Artists\u201d (Artistas Docentes da Disney), onde todos s\u00e3o profissionais do teatro que atualmente trabalham na ind\u00fastria do entretenimento;<\/li>\n\n\n\n<li>Seu grupo participa em cena e nas sele\u00e7\u00f5es musicais das produ\u00e7\u00f5es teatrais da Disney dispon\u00edveis exclusivamente nesta experi\u00eancia;<\/li>\n\n\n\n<li>Os participantes s\u00e3o tratados como membros do elenco profissional em um ambiente de produ\u00e7\u00e3o ao vivo;<\/li>\n\n\n\n<li>Os alunos t\u00eam a oportunidade de obter uma vis\u00e3o sobre carreiras no teatro por meio de conversa com seu artista docente;<\/li>\n\n\n\n<li>Seu grupo participar\u00e1 da magia de nossos parques com ingressos a pre\u00e7os especiais, descobrindo a magia e a emo\u00e7\u00e3o Disney.<\/li>\n<\/ul>\n\n\n\n<h2 class=\"wp-block-heading\"><strong>Informa\u00e7\u00f5es adicionais<\/strong><\/h2>\n\n\n\n<ul class=\"wp-block-list\">\n<li>Roteiro e m\u00fasica ser\u00e3o enviados ao grupo antecipadamente para permitir a pr\u00e1tica e pr\u00e9via prepara\u00e7\u00e3o do grupo;<\/li>\n\n\n\n<li>Este workshop n\u00e3o \u00e9 recomendado caso o grupo n\u00e3o tenha tempo para se preparar e ensaiar antes de sua chegada;<\/li>\n\n\n\n<li>Os participantes dever\u00e3o usar roupas e sapatos adequados para um ensaio de teatro musical &#8211; sand\u00e1lias e p\u00e9s descal\u00e7os n\u00e3o ser\u00e3o permitidos;<\/li>\n\n\n\n<li>Dispon\u00edvel para alunos do ensino fundamental, m\u00e9dio e universit\u00e1rio;<\/li>\n\n\n\n<li>M\u00ednimo de 20 artistas por grupo para participar desta experi\u00eancia.<\/li>\n<\/ul>\n\n\n\n<p><strong><a href=\"http:\/\/talenttour.com.br\/index.php\/dancar-na-disney\/\">VOLTAR &#8212;&#8212;<\/a><\/strong><\/p>\n","protected":false},"excerpt":{"rendered":"<p>&nbsp;1)&nbsp;Disney Imagination Campus: Performing Arts | Workshops | Dance Disney Coloque seus sapatos de dan\u00e7a e aprenda como \u00e9 e o que \u00e9 necess\u00e1rio para ser um artista dos Parques Disney neste workshop projetado especificamente para bailarinos. Vis\u00e3o geral Durante este workshop, profissionais da \u201cDisney Live Entertainment\u201d oferecem instru\u00e7\u00e3o personalizada, ensinando t\u00e9cnicas de coreografia, aperfei\u00e7oamento e encena\u00e7\u00e3o de um dos muitos shows realizados nos Parques Disney em todo o mundo.&nbsp;Por meio desse processo, os participantes aprender\u00e3o uma coreografia, bem como&hellip;<\/p>\n","protected":false},"author":1,"featured_media":0,"parent":0,"menu_order":0,"comment_status":"closed","ping_status":"closed","template":"","meta":{"footnotes":""},"class_list":["post-3444","page","type-page","status-publish","hentry"],"_links":{"self":[{"href":"https:\/\/talenttour.com.br\/index.php\/wp-json\/wp\/v2\/pages\/3444","targetHints":{"allow":["GET"]}}],"collection":[{"href":"https:\/\/talenttour.com.br\/index.php\/wp-json\/wp\/v2\/pages"}],"about":[{"href":"https:\/\/talenttour.com.br\/index.php\/wp-json\/wp\/v2\/types\/page"}],"author":[{"embeddable":true,"href":"https:\/\/talenttour.com.br\/index.php\/wp-json\/wp\/v2\/users\/1"}],"replies":[{"embeddable":true,"href":"https:\/\/talenttour.com.br\/index.php\/wp-json\/wp\/v2\/comments?post=3444"}],"version-history":[{"count":9,"href":"https:\/\/talenttour.com.br\/index.php\/wp-json\/wp\/v2\/pages\/3444\/revisions"}],"predecessor-version":[{"id":4631,"href":"https:\/\/talenttour.com.br\/index.php\/wp-json\/wp\/v2\/pages\/3444\/revisions\/4631"}],"wp:attachment":[{"href":"https:\/\/talenttour.com.br\/index.php\/wp-json\/wp\/v2\/media?parent=3444"}],"curies":[{"name":"wp","href":"https:\/\/api.w.org\/{rel}","templated":true}]}}